= 41*z**2 - 29*z + 5. Let p(j) = 2*j**2 + 23*j + 24. Let i be p(-10). Is k(i) a composite number?
True
Let l = 222 + -218. Suppose -l*r = 4213 - 29249. Is r a prime number?
False
Is 2584706*((-10)/(-4) - ((-70)/5 - -16)) composite?
False
Let i be 6/(-99)*-3 - (-42)/11. Suppose 4*f - 2*y = 3*y + 27008, -i*f + 3*y + 27016 = 0. Is f a composite number?
True
Let r(k) = -6909*k**3 + 2*k**2 - 5*k - 23. Is r(-2) prime?
False
Let l = 339744 + 620855. Is l a composite number?
True
Let c be 15/(-5) - -114 - 3. Let o be (c/4*1)/1. Is -4 - o/(-6) - 98/(-4) prime?
False
Let d(h) = 4*h - 74. Let z be d(17). Let k(g) = 25*g + 1. Let u be k(z). Let n = u - -270. Is n prime?
False
Suppose -35 = -15*y + 22*y. Let v(g) = g**2 + 4*g - 1. Let f be v(y). Suppose 127 = f*c + 35. Is c a prime number?
True
Suppose -t = -3*g, 0*t = -3*g + 4*t. Suppose 17*k - 19*k + 502 = g. Suppose -4*z + 2*b - 43 = -549, 2*z - 3*b - k = 0. Is z a composite number?
False
Suppose 7*u - 34 = -20. Suppose s = -u*y + 261, s + 1009 = 5*s + y. Is s a composite number?
False
Let v be (-37)/(-2) - 4/(2*-4). Suppose v = m - 5*h, -3*m - h + 13 = m. Suppose s = m*r - 1630, 2*r + 52 = -5*s + 856. Is r prime?
False
Suppose m = -7, -4*z + 35*m = 38*m - 789263. Is z prime?
False
Is (100348/10)/((-6)/4 + 57/30) a composite number?
False
Let j(m) = -m - 6. Suppose -3*n + 2 - 5 = 0. Let t be j(n). Is ((-1)/(-1))/(t/(-1675)) a composite number?
True
Let b = -12831 + 23630. Is b prime?
True
Suppose -151605 = -40*y - 5*y. Let r = -1196 + y. Is r composite?
True
Suppose 2*m = -c + 2*c + 14, -2*m + 24 = 4*c. Suppose -5*h - 2*j - 663 = -8*h, -2*h + 440 = -2*j. Let q = h - m. Is q composite?
True
Let y = -508 + 510. Suppose -16*o - y*o = -379062. Is o composite?
False
Is (-278)/(-15)*1686 - 13/65 a prime number?
True
Let o = -35 - -1775. Suppose -7*y + 1123 = -o. Is y composite?
False
Let a = 93330 - -116609. Is a composite?
False
Let o be (2/(-3))/((-2)/(10 + 1434200)). Suppose 14*h = 4*h + o. Is h prime?
True
Let o be -22*(-1)/(-2) + 1. Let j be ((-1556)/o)/(1/15). Suppose 0 = 5*s - j - 2371. Is s a composite number?
False
Suppose -59 = -f - 54. Suppose -f*i = -12*i + 65345. Is i a composite number?
True
Let h(n) = -11890*n + 6. Let s be h(-1). Let m = 1131 + s. Is m prime?
False
Let r(w) be the first derivative of 49*w**3/3 + 3*w**2/2 - 2*w + 29. Let k be r(1). Suppose j - k = 39. Is j a prime number?
True
Let i = -99 + 1162. Let m = -1 - -1. Suppose d - 4*d = 5*p - 1759, m = -3*p + 2*d + i. Is p a prime number?
True
Is ((-6)/(-9))/(174/88341453) a composite number?
False
Let c = -49 + 49. Suppose 4 = o - c. Is o/6*(1173/6 + -5) composite?
False
Suppose -16*i = -39*i + 263304. Suppose 9*f - i - 11763 = 0. Is f composite?
False
Is 3516/(-12)*5/(-10)*514 a prime number?
False
Suppose 459*b + 891725 = 484*b. Is b a prime number?
False
Suppose 4*n + 6*v - 4*v - 113318 = 0, n - 28337 = -2*v. Suppose -4*m + 46761 = -n. Suppose m = 4*c - 4*d, -3*d = -4*c + 19285 - 515. Is c a prime number?
True
Let l = 80708 + 277. Suppose 3*h + l = 18*h. Is h composite?
False
Suppose 2*h + 4*o - 16 = -o, 5*h = 4*o + 7. Suppose h*i = f + 3834, i = -3*i - f + 5119. Is i prime?
True
Suppose j + 0 = -2*d + 9, -j = 5*d - 18. Suppose 3*l = j*s - 21306, l + 9 - 10 = 0. Suppose s + 2889 = 8*c. Is c prime?
True
Suppose 2*l + 3*v - 33869 = 0, 2*v - 22563 - 62148 = -5*l. Is l a composite number?
True
Suppose -b - 2005 = -5*o - 3*b, -4*b = 0. Suppose -35*a - 648 = -29*a. Let n = a + o. Is n a composite number?
False
Let w(j) = 34*j - 2337. Let t be w(101). Suppose -3*o = -a - 1 - 3, -5*a + 28 = o. Suppose -x + t = o*d, -d - 2*x = -6*d + 1821. Is d composite?
True
Let a = -10583 - -5262. Let r = 13352 - 2716. Let u = a + r. Is u composite?
True
Let l(x) be the third derivative of 13*x**5/15 + 7*x**4/8 + 277*x**3/6 + 211*x**2. Is l(-12) prime?
False
Is ((-22890)/9 + 3)/(89/(-1335)) prime?
False
Suppose -4*f = 2*v, 3*f + v = -26 + 28. Suppose 5*l + 0*l - 116547 = -2*x, -3*x = f*l - 46610. Is l a composite number?
False
Let o(a) = -1349*a**3 + 4*a**2 + 7*a + 43. Is o(-3) a composite number?
True
Let o(n) = -2689*n - 8. Suppose 3*p - 8*p + 3*d = 27, 3*p + 5*d - 11 = 0. Is o(p) composite?
False
Let v be (-2)/(-9) + 8/(-36). Suppose 4*j - 10 = -5*p - j, p - j - 8 = v. Suppose -3*f + 3819 = p*g, g - 2*g = -3*f + 3819. Is f a prime number?
False
Let f = -67673 + 152586. Is f a composite number?
False
Suppose 14*z = 10*z + 208. Let a = z + -53. Is (-3 - -88) + (a - -3) - -2 a prime number?
True
Let r(p) = -1192*p - 18. Let w = -247 - -246. Is r(w) composite?
True
Let i be (-1280125)/(-231) + (-2)/(-6)*-2. Let g(y) = -y**3 - 2*y**2 + y - 4. Let o be g(-3). Suppose -q - o*q = -i. Is q composite?
False
Let c = 86928 - -14431. Is c a prime number?
True
Is 228/(-66) + 4 - 4294975/(-55) a composite number?
True
Let q be (-1 - -1 - -5392) + -4. Suppose -5*p + 6067 = -q. Let n = -894 + p. Is n composite?
True
Suppose -2*m + 17 - 15 = 0. Is m*(-1854 + 7)/(-1) prime?
True
Let d(o) = -601*o + 82. Let w be d(-13). Suppose 0 = 3*i - 8842 - w. Is i prime?
False
Suppose 0 = 2*x - 2*y - 2, 3*x + 6*y = 3*y - 15. Is (x + 955)/(30/6 - 4) a prime number?
True
Let c = -397 + 399. Is -44519*c/(-8)*4 prime?
True
Let f = 1394360 + -927759. Is f composite?
True
Let f(d) = 170*d**2 - 6*d - 14. Let w be f(-2). Suppose q + 20 = -5*m + 692, -q = -m - w. Is q prime?
True
Let k = -6073 + 10831. Let x = k - 269. Is x a composite number?
True
Is (756132/(-24) + -9)*-2 a composite number?
False
Let s = -71153 + 114494. Is s composite?
True
Suppose -67*q + 85*q = 236*q - 8240182. Is q a prime number?
True
Suppose -4*v - v = 5*p - 85, 0 = 3*p - 5*v - 51. Let n(s) = -78*s - 14 + 12*s - p - 2*s. Is n(-6) a composite number?
True
Let z(t) = 398*t**2 + 13*t + 23. Is z(-8) composite?
False
Let j = 717064 - 36357. Is j a composite number?
False
Let z(d) = 11*d**3 - 4*d**2 - 2*d - 3. Let i be z(-3). Let l = i + 579. Let t = 2 + l. Is t composite?
False
Let g(z) = -52325*z - 582. Is g(-1) composite?
True
Suppose 3*y = -4922 - 12811. Let h = y + 9038. Is h a prime number?
False
Is 270/(-250) + 1 + (-8671385)/(-125) prime?
True
Let u(p) = 2*p**3 - 17*p**2 - 10*p + 11. Let z be u(9). Suppose 5*q = -5*d - 415, d - z*d = -5*q + 89. Is (662/8)/(-3 - 259/d) a composite number?
True
Suppose 238*z - 228*z = 354190. Is z prime?
True
Let t = 17877 - 5564. Is t a composite number?
True
Let h = -130 - -249. Suppose h*w - 33028 = 115*w. Is w a composite number?
True
Let y(g) = 115*g**2 - 43*g + 409. Is y(21) prime?
True
Let u(s) = 1210*s**3 - s**2 - 8*s + 47. Is u(6) a prime number?
True
Suppose 25 = 5*p + 4*q, -p - q + 26 = 4*q. Suppose -v + 3 + p = 0. Is v/8 - 759/(-6) composite?
False
Let p be 1/2*-1 + (-1820444)/248. Let c = 26462 + p. Is c composite?
False
Let k(y) = 9*y**2 - 11*y - 35. Let t be k(11). Suppose 4*w = -t + 3737. Is w a composite number?
False
Let q(a) = 236*a + 17. Let y(k) = 237*k + 16. Suppose 20*h - 18*h = 12. Let v(d) = h*q(d) - 7*y(d). Is v(-3) prime?
True
Let n(u) = -71*u - 4. Let i be n(-2). Let t(v) = 255*v + 228 - i - 154. Is t(17) prime?
True
Let l(s) = -1474*s**2 - s + 1. Let t(h) = -1475*h**2. Let w(o) = 2*l(o) - 3*t(o). Is w(-1) composite?
False
Suppose 0 = 47*d - 6708013 + 918036. Is d composite?
False
Let z(f) = -98 + 105*f + 187*f - 68*f + 249*f. Is z(15) prime?
True
Suppose 3*g = g + g. Suppose -11*s + 10*s - 6 = g. Is 23*9 - 24/s a prime number?
True
Let i(g) = -361*g - 6. Let d be 8/(-6)*(-5 + (-35)/(-10)). Let c be (25/(-10))/(-3*d/(-12)). Is i(c) prime?
False
Let u(j) = 218548*j**2 + 55*j - 72. Is u(1) prime?
True
Let s(g) = g + 18. Let p be 21/(-1) + 6/2. Let v be s(p). Is 8 + 409 - v/2 a prime number?
False
Let d = 10 + 57. Let u = 70 - d. Suppose c - 13044 = -u*c. Is c a composite number?
True
Let s = -4 + 19. Let b be (1*(-8)/(-10))/((-3)/s). Let h(d) = 4*d**2 - 8*d - 9. Is h(b) prime?
False
Let x(y) = 897*y**2 - 2*y - 3. Let c = -167 + 165. Is x(c) prime?
False
Let n be 3429/6*(-2 - (-2)/(-3)). Let p = 2861 + n. Is p prime?
False
Suppose 12*o + 36 = 9*o. Is (-779142)/(-252) + 10/o a prime number?
False
Suppose 12*z = 8*z + 2*x + 369882, -3 = -3*x. Is z composite?
True
Let l = -72982 - -234711. Is l a prime number?
True
Suppose -2*t + 11130298 = 4*d, 6*t = -d